ird derivative of -s**5/30 + s**4/24 - s**3 - 293*s**2 - 3. Suppose -3*z = 2*z. Let j be m(z). Let i(f) = -f**2 - 5*f + 7. Give i(j).
1
Let z(h) = -164 - 226 - 10*h + 64 - 241 + 113. Determine z(-46).
6
Let c be ((-58)/14)/(2650/(-175) + 15). Let y(k) = -k**3 + 30*k**2 - 47*k + 526. Determine y(c).
4
Let y(t) = 2*t + 25164*t**2 - 8*t - 25173*t**2. Calculate y(-3).
-63
Let c be 6/4*(-1 - -5). Let i(z) = 1 - 7*z - 18*z**2 + c*z + 2*z**2 - 2. Let f(p) = -p**2 - 5*p - 7. Let k be f(-3). Calculate i(k).
-16
Let z(a) = -2*a**2 - a + 1. Let n(g) = -g**3 + 6*g**2 + 6*g + 10. Let o be n(7). Let p be o + 2 + -4 + 8. Suppose -13*m = -p*m - 8. Calculate z(m).
-9
Let u = -143 - -154. Let d(x) = 738*x + 733*x - 1480*x - x**2 - u. Determine d(-7).
3
Let j be (-27)/5 - 33/55. Let t(d) = d**2 + 6*d + 4. Give t(j).
4
Let r(g) = 39*g**3 - 47*g + 45*g**3 - 17*g**3 + 46*g - 4*g**3 + 2. Give r(1).
64
Suppose -3*t = 4*w + 10 - 31, 9 = w. Let s(b) = 2*b**3 + 10*b**2 - 7. What is s(t)?
-7
Suppose 0 = 5*g - 5 - 15. Let j = 4 + g. Let o(s) = 23*s - 5. Let b(x) = 10*x - 3. Let w(c) = -7*b(c) + 3*o(c). Determine w(j).
-2
Let p(z) = z**3 + 12*z**2 - 26*z + 27. Let t(q) = 243*q + 715. Let c be t(-3). Give p(c).
-1
Let f(k) = -27*k**3 + k**2 - k + 1. Suppose 4*x = 3*a, -12*x = -3*a - 10*x + 6. Suppose -73*n - a = -77*n. Determine f(n).
-26
Let a(f) be the first derivative of -f**5/20 - 5*f**4/12 + 7*f**3/6 + f**2/2 - 166*f + 140. Let t(j) be the first derivative of a(j). Calculate t(-6).
-5
Let h be 2/(-4) - (-45)/(-6). Let o(k) = 7*k**3 - 13*k**2 + k - 34. Let m(i) = 9*i**3 - 14*i**2 + 2*i - 44. Let q(v) = -4*m(v) + 5*o(v). Calculate q(h).
-34
Let v(h) = h**2 - 4*h - 9. Let t be v(6). Suppose -9*f - 36 = t*f. Let q(g) = g**2 - 3*g - 3. What is q(f)?
15
Let y(t) = 8*t + 23. Let f = 6119 - 6128. Calculate y(f).
-49
Let q be (-4)/((-17)/4 - -4). Let p = q + -9. Let i be 9 + p/(21/(-12)). Let w(d) = d**3 - 5*d**2 - 4. What is w(i)?
-4
Let l(f) = -f + 7. Let d = -97 - -107. Suppose 4*v - 22 = 3*j - v, -5*v = 5*j + d. Let h be j*((-63)/4)/9. Calculate l(h).
0
Let f(h) = -13*h**2 + 217*h + 13. Let p(n) = 8*n**2 - 131*n - 7. Let t(s) = -3*f(s) - 5*p(s). Suppose -y - 13 = -4*y - z, 1 = z. What is t(y)?
-4
Let p be ((-3)/(-4))/((-222)/(-296)). Let q(i) = 66*i**2 - 4*i + 5. What is q(p)?
67
Let z(p) = -p + 2. Let i(o) = 6*o - 9. Let s(c) = -4*i(c) - 21*z(c). Suppose -15 = 4*g + 19*a - 20*a, 5*g = 2*a - 15. Determine s(g).
9
Let i be 18/8 - 1/4. Let m(z) = z**3 - z**2 + 1190*z + 908 - 906 - 1190*z. Calculate m(i).
6
Let n be (4/6)/((-14)/(-63)). Let w(s) = 11*s - 3*s**n - 9*s - s**2 - s. What is w(2)?
-26
Let q(v) = v**2 + 2*v. Let r(c) = c + 1. Let x(u) = -q(u) + 3*r(u). Let y = 42 - 40. Let n be -4 + 4 + y + (0 - 2). What is x(n)?
3
Let z be 9/6*(-4)/(-6). Suppose 13*c = -20*c + 66. Let b(i) = -7*i**c + 8*i**2 + z + 5*i - 2. What is b(-6)?
5
Suppose 5*p - 75 = -5*t + 45, 3*p = 0. Let b be (-30)/(-4) + 1 + 12/t. Let y(r) = b*r + 4 - r - r**2 - 2*r. Calculate y(5).
9
Let b(z) = z + 25. Suppose -38*r + o = -41*r - 28, -o + 28 = -4*r. Determine b(r).
17
Let i(c) = -c**3 + 7*c**2 + 2*c - 4. Let h(g) = -15*g + 139. Let k be h(9). Calculate i(k).
52
Let g = -70 + 22. Let b = g - -44. Let l(z) = -16*z**3 - 2*z - 3*z**2 + 5*z - 3 + 15*z**3. Calculate l(b).
1
Let n(i) = -6*i - 117 - 43 + 5. Let u be n(-26). Let p(t) = 7*t**3 - 3*t**2 + 2*t + 1. Let y(w) = w**2 - w. Let d(c) = -p(c) - 3*y(c). Determine d(u).
-7
Let n(f) be the first derivative of -f**5/15 - f**4/8 - f**3/3 - 59*f**2 + 54. Let v(m) be the second derivative of n(m). Give v(-1).
-3
Let a(m) = m - 7. Let f(i) = -2*i**3 - i. Let v be f(-1). Let y be a(v). Let t(q) be the first derivative of -q**3/3 - q**2/2 + 3*q - 64702. Determine t(y).
-9
Let z(x) = -x**2 + 6*x + 5. Suppose -2*o - 3*j + 127 = 0, -4*j + 16 + 110 = 2*o. Suppose 30 + o = 19*h. Give z(h).
10
Suppose -17*s - 59 = -42. Let q(u) be the second derivative of -2*u - 1/2*u**2 + 0*u**3 + 5/4*u**4 + 0. Give q(s).
14
Let o(w) = -3*w**2 + 2*w + 1. Let r(d) = -2*d + 26. Let g be r(-8). Suppose 0*k + g = 7*k. Suppose -2*n + 7*n + 5*b = 0, 0 = 4*n + b - k. Calculate o(n).
-7
Let l(x) = x**2 + 15*x - 32. Let b be l(3). Let h(z) = z**3 - 21*z**2 - 21*z - 20. Give h(b).
2
Let m(j) = -j**3 + 6*j**2 + 4*j + 4. Let h(n) = n**3 + 8*n**2 - 19*n + 16. Let i be h(-10). Determine m(i).
28
Let u(t) = t - 25. Let x = -3116 - -3144. Determine u(x).
3
Let k(a) = -13*a**3 + 131 - 8*a**3 + 20*a**3 + 6*a**2 - 11*a - 126. Determine k(4).
-7
Let l be 0/1 - 0 - 2. Let z(b) = b**2 + b - 1. Let g be (2 + -3 + 2)*3 - 0. Let u(r) = 4*r**2 + 4*r - 4. Let d(x) = g*z(x) - u(x). What is d(l)?
-1
Let x(c) = -c**2 - 8. Suppose -43*n - 30 = -46*n. Let g(h) = h - 7. Let f be g(n). Let v be 0/26*2/(1 + f). What is x(v)?
-8
Suppose -v + 16 = l, -8*v = -3*v + 10. Suppose -3*d - 40 = 4*w, -d = -w + 3*w + l. Let i(f) = -56*f**2 + 25*f**2 - 8*f + 30*f**2 + 8. Calculate i(w).
15
Let h(q) = -q + 0*q + 5 - 1 - 8. Let b be (1/(-4))/(2/56). Calculate h(b).
3
Let i be (-3)/((-12)/7) + 4/16. Suppose 0 = -5*s - i*p + 74, 0*p = 3*s + 4*p - 50. Let c(x) = -x**3 - 12*x + 7 + 4*x**2 - 9 + s*x. What is c(-2)?
18
Suppose -40 = 5*w, -2*w - 309 + 293 = -5*k. Let r(s) = -s**2 + 2*s - 106. Give r(k).
-106
Let t(l) = l**3 - l - 3. Let p(n) = -n**3 - 94*n**2 - 96*n - 282. Let m be p(-93). What is t(m)?
-27
Let u(i) = 3. Let n(q) = 7*q - 7. Let v be (2/7)/((-24)/(-84)). Let h(x) = v*n(x) + 2*u(x). Suppose j = -0*j - 1, 3*j - 1 = 4*b. Calculate h(b).
-8
Let z(s) = s - 3. Let q be (8/6)/(-4) - (-475)/57. Let t = q + 1. Calculate z(t).
6
Let i = -115 - -139. Suppose i = -16*y + 10*y. Let v(w) = 3*w + 5. What is v(y)?
-7
Suppose 0 = 3*b - 5*c + 9, -2*c + 16 = 2*b + 3*b. Suppose 5*q + 5*z - 9 = 2*z, 5*z = -4*q + b. Let m(d) = 3*d - 5. Calculate m(q).
4
Let k(t) = 4*t - 3. Suppose -3 = -5*z + 17. Suppose 0 = 4*q + z*s - 16, -q + 0*q + 9 = -4*s. Suppose 14 = 5*v + 4*j, q*v - j - 7 = 2. Give k(v).
5
Let y(p) = -98*p - 92. Let n(x) = 114*x + 93. Let z(s) = -6*n(s) - 7*y(s). Determine z(-29).
28
Let h(g) = 5*g**2 - 14*g + 70. Let u(x) = -11*x**2 + 28*x - 138. Let k(w) = 13*h(w) + 6*u(w). Let z(b) be the first derivative of k(b). What is z(-6)?
-2
Let d = 1 - 0. Let z be -1 + d + (-1 - -3). Let m(x) = 4*x + 60322 - 60323 - 2*x. Calculate m(z).
3
Let k(y) = -y**3 - 2*y - 7. Let a(c) = -4*c**3 - 4*c**2 - 14. Let x(z) = a(z) - 3*k(z). Calculate x(-5).
2
Let f = -76 - -75. Let x be (f + 21)*(-4 + 7 - 1). Suppose x = -6*b + 16*b. Let k(g) = g**2 + 2*g - 6. Give k(b).
18
Let b(j) be the second derivative of j**4/6 - j**2/2 - 3*j. Let v = -558 + 552. Let s be (v + 0)*(-1 + (-2)/(-3)). Determine b(s).
7
Let b(t) = -17 + 4*t**2 - 3*t - 3*t - 14*t**2 - 9 + 12*t**2. Calculate b(5).
-6
Let z(c) = -3*c + 1. Let h be 1*20 + -4 + 1. Let p = h + -2. Suppose -u + 5*d + 11 = 3*d, -3*d - p = 0. Determine z(u).
-2
Let c(m) = 47*m**2 - 4 + 3*m + 0*m**3 + 73*m**2 - 193*m**2 + m**3 + 72*m**2. What is c(4)?
56
Suppose -117*j - 46 - 188 = 0. Let k(a) = -a**3 + a**2 - 2*a - 2. What is k(j)?
14
Let u(j) = -j**2 - j. Let d(s) = -3*s**2 - 12*s - 16. Let c(n) = -n**3 + 6*n**2 - 14*n + 86. Let p be c(6). Let y(x) = p*u(x) - d(x). Determine y(-8).
0
Let m(h) = h**3 - h**2 - 10*h + 2. Suppose -5*t + 11*t = 19*t - 52. What is m(t)?
10
Suppose -45*s = 308*s + 37*s + 780. Let u(d) = 10*d**3 - 8*d - 7. What is u(s)?
-71
Suppose 0 = -2*r - 2*j - 44, 5*r - 3*j - 2 + 40 = 0. Let p(t) be the third derivative of -t**6/120 - 7*t**5/30 - 13*t**4/24 - t**3 + t**2. What is p(r)?
-6
Let l(t) = -t**3 - 6*t**2 - 8*t - 7. Let b(f) = -18*f + 105. Let k(o) = -35*o + 207. Let r(w) = -7*b(w) + 4*k(w). Let i be r(7). What is l(i)?
8
Let q(m) = 130*m**3 + 18*m**2 - 513*m**3 - 30*m - 21 + 126*m**3 + 127*m**3 + 129*m**3. Calculate q(16).
11
Suppose -m + 14 = 3*l, -12 - 8 = -5*l. Let t(f) = 2*f**2 + 0*f - 6*f - 2*f**2 - 4 + f**m. Suppose 0 = -v, 20*o + 5*v = 27*o - 35. Calculate t(o).
-9
Let j(x) = x + 1. Let p(k) = -k - 1. Let c(g) = 14*g + 17. Let v(m) = 2*c(m) + 14*p(m). Let r be v(5). Let f = r - 97. What is j(f)?
-6
Let g(p) be the third derivative of -p**4/12 + 6*p**2. Let h = -55 + 59. Suppose 7*a - 5*a = -h. Determine g(a).
4
Let q(p) be the first derivative of p**6/120 - p**5/15 - p**4/12 + p**3